prime factors of 2048370352?
2, 7, 18289021
What are the prime factors of 335672214?
2, 3, 37, 47, 53, 607
What are the prime factors of 566899688?
2, 70862461
List the prime factors of 906482433.
3, 257, 1175723
What are the prime factors of 2438234271?
3, 11, 947, 8669
List the prime factors of 2214672320.
2, 5, 7, 988693
What are the prime factors of 4888414790?
2, 5, 7, 8093, 8629
What are the prime factors of 1665512696?
2, 31, 1459, 4603
What are the prime factors of 246146250?
2, 3, 5, 7, 9377
What are the prime factors of 707022416?
2, 44188901
List the prime factors of 74603551.
11, 593, 11437
What are the prime factors of 1534897396?
2, 653, 587633
List the prime factors of 18224670.
2, 3, 5, 67, 9067
List the prime factors of 156061787.
7, 1361, 16381
List the prime factors of 51308228.
2, 157, 81701
List the prime factors of 102871865.
5, 491, 41903
What are the prime factors of 2798754615?
3, 5, 62194547
List the prime factors of 92684816.
2, 7, 17, 48679
List the prime factors of 42623984.
2, 13, 204923
What are the prime factors of 38596122?
2, 3, 73, 9791
What are the prime factors of 113588938?
2, 56794469
What are the prime factors of 412428994?
2, 206214497
List the prime factors of 129119636.
2, 809, 39901
List the prime factors of 65868450.
2, 3, 5, 439123
What are the prime factors of 233901196?
2, 137, 349, 1223
What are the prime factors of 789498612?
2, 3, 7, 541, 5791
What are the prime factors of 36085443?
3, 12028481
List the prime factors of 437545289.
1487, 294247
What are the prime factors of 459240976?
2, 227, 126443
List the prime factors of 2095778678.
2, 7, 6871, 21787
What are the prime factors of 452286300?
2, 3, 5, 827, 1823
List the prime factors of 3295077945.
3, 5, 19, 2339, 4943
What are the prime factors of 53438618?
2, 547, 48847
List the prime factors of 3771941743.
3771941743
List the prime factors of 99773419.
5573, 17903
What are the prime factors of 24453754?
2, 13, 940529
List the prime factors of 1125895895.
5, 225179179
List the prime factors of 5091025233.
3, 7, 242429773
List the prime factors of 97719276.
2, 3, 8143273
What are the prime factors of 1828984393?
30137, 60689
What are the prime factors of 2133150814?
2, 131, 8141797
What are the prime factors of 247757001?
3, 82585667
List the prime factors of 208636865.
5, 41727373
What are the prime factors of 33555082?
2, 11, 31, 49201
List the prime factors of 134738505.
3, 5, 11, 41, 2213
List the prime factors of 7149053.
7149053
List the prime factors of 892723627.
41, 151, 3517
List the prime factors of 10748052.
2, 3, 7, 677
What are the prime factors of 1698570766?
2, 37, 3911, 5869
List the prime factors of 6992604575.
5, 11, 1489, 17077
List the prime factors of 115775843.
79, 373, 3929
List the prime factors of 20964542.
2, 191, 54881
What are the prime factors of 3540101807?
11, 43, 83, 90173
List the prime factors of 2338514689.
7, 334073527
List the prime factors of 1097437760.
2, 5, 37, 59, 1571
What are the prime factors of 273064318?
2, 136532159
List the prime factors of 57747542.
2, 28873771
List the prime factors of 2631299208.
2, 3, 19, 5770393
List the prime factors of 778328469.
3, 149, 580409
What are the prime factors of 51298203?
3, 11, 101, 15391
List the prime factors of 685453839.
3, 7, 1619, 20161
List the prime factors of 154072898.
2, 7, 11005207
List the prime factors of 82377055.
5, 283, 58217
List the prime factors of 2147080733.
7, 37, 449, 499
List the prime factors of 819329713.
23, 277, 128603
What are the prime factors of 69087281?
487, 141863
List the prime factors of 2204519488.
2, 41, 840137
What are the prime factors of 362160638?
2, 7, 25868617
List the prime factors of 7859529671.
7, 67, 71, 233, 1013
What are the prime factors of 8832345?
3, 5, 23, 25601
What are the prime factors of 225715088?
2, 14107193
List the prime factors of 22363612.
2, 43, 130021
What are the prime factors of 35935512?
2, 3, 1497313
What are the prime factors of 3455741898?
2, 3, 7, 241, 317, 359
List the prime factors of 743558150.
2, 5, 43, 71, 4871
What are the prime factors of 13258340?
2, 5, 662917
What are the prime factors of 537912705?
3, 5, 11, 19, 171583
List the prime factors of 108924564.
2, 3, 7, 1296721
List the prime factors of 51109343.
1571, 32533
List the prime factors of 107881743.
3, 35960581
What are the prime factors of 34002867?
3, 2281, 4969
What are the prime factors of 1551824572?
2, 387956143
List the prime factors of 62952033.
3, 3343, 6277
What are the prime factors of 117221446?
2, 719, 81517
List the prime factors of 99204536.
2, 12400567
List the prime factors of 41960919.
3, 7, 11, 13, 89, 157
What are the prime factors of 726001145?
5, 41, 197, 17977
What are the prime factors of 402613817?
59, 6823963
List the prime factors of 62246448.
2, 3, 11, 13099
List the prime factors of 84668362.
2, 41, 1032541
List the prime factors of 1638752947.
13, 9696763
List the prime factors of 7564241315.
5, 233, 6492911
List the prime factors of 671127269.
1009, 665141
List the prime factors of 57025190.
2, 5, 2383, 2393
What are the prime factors of 83980543?
733, 114571
What are the prime factors of 144426032?
2, 29, 107, 2909
List the prime factors of 36558970.
2, 5, 7, 101, 5171
What are the prime factors of 3417247123?
107, 31936889
List the prime factors of 414746682.
2, 3, 7, 79, 2551
What are the prime factors of 23916143?
787, 30389
List the prime factors of 268276933.
181, 1482193
What are the prime factors of 4785200275?
5, 191408011
List the prime factors of 744753062.
2, 3643, 102217
List the prime factors of 32221614.
2, 3, 5370269
List the prime factors of 90434861.
11, 1511, 5441
List the prime factors of 125099187.
3, 3181, 13109
List the prime factors of 65013173.
47, 709, 1951
What are the prime factors of 242314643?
242314643
List the prime factors of 3189192059.
101, 479, 65921
What are the prime factors of 2127938821?
113, 18831317
List the prime factors of 74245335.
3, 5, 4949689
What are the prime factors of 3804867988?
2, 17, 6793, 8237
List the prime factors of 179568194.
2, 13, 6906469
List the prime factors of 90043361.
90043361
What are the prime factors of 1152309124?
2, 288077281
What are the prime factors of 3703711867?
73, 2617, 19387
List the prime factors of 96944408.
2, 11, 1101641
List the prime factors of 539185992.
2, 3, 709, 31687
What are the prime factors of 77750919?
3, 8638991
List the prime factors of 109936052.
2, 19, 4007
What are the prime factors of 2520046860?
2, 3, 5, 42000781
What are the prime factors of 329998466?
2, 7, 2617, 9007
What are the prime factors of 156080829?
3, 23, 401, 5641
What are the prime factors of 1347529561?
7, 239, 293, 2749
What are the prime factors of 13125017?
109, 120413
What are the prime factors of 294193717?
67, 1319, 3329
What are the prime factors of 10280389?
7, 881, 1667
List the prime factors of 910545060.
2, 3, 5, 73, 449, 463
What are the prime factors of 52601152?
2, 151, 5443
What are the prime factors of 43094874?
2, 3, 439, 16361
List the prime factors of 262090482.
2, 3, 43681747
List the prime factors of 239557371.
3, 29, 2753533
List the prime factors of 375828950.
2, 5, 7, 577, 1861
What are the prime factors of 95977291?
17, 5645723
What are the prime factors of 104623114?
2, 2999, 17443
List the prime factors of 6522839.
1549, 4211
List the prime factors of 33820375.
5, 270563
What are the prime factors of 929506073?
929506073
What are the prime factors of 878570435?
5, 175714087
List the prime factors of 24611186.
2, 53, 79, 2939
List the prime factors of 2281243857.
3, 760414619
What are the prime factors of 44886253?
197, 227849
List the prime factors of 656898703.
37, 17754019
What are the prime factors of 245641679?
23, 464351
List the prime factors of 197588048.
2, 7, 31, 56909
What are the prime factors of 1567881389?
17, 31, 1663, 1789
What are the prime factors of 755504201?
19, 29, 1371151
What are the prime factors of 14464779?
3, 7, 688799
What are the prime factors of 5727047362?
2, 41, 179, 241, 1619
What are the prime factors of 3108627?
3, 47, 7349
List the prime factors of 1372150009.
3733, 367573
What are the prime factors of 5105100751?
73, 69932887
What are the prime factors o